. What is the tens digit of w?
1
Suppose -2*y + 18 = -0*y. What is the units digit of (-110)/(-8) + y/(-12)?
3
Let m(w) = w**2 - w - 11. What is the tens digit of m(9)?
6
Suppose -d + 9 = -4*d + f, -3*d + 3*f = 9. Let c be (-2 + 0 + d)/1. Let g(x) = x**3 + 4*x**2 - 6*x - 1. What is the units digit of g(c)?
4
Let h = -10 - -18. Suppose -h - 4 = -g. Suppose -2*l + g = 2*l. What is the units digit of l?
3
Let y(p) = -p**3 + 4*p + 1. What is the tens digit of y(-3)?
1
Suppose -24 = -2*g + 3*c - 0*c, 4 = -c. Suppose 41 - g = 3*q - n, -5*q + 61 = -3*n. What is the tens digit of q?
1
Let v = -1 - -7. Let w(z) be the second derivative of z**3/2 - 7*z**2/2 + z. What is the tens digit of w(v)?
1
Suppose -v - a + 79 = 0, 3*a = -a. What is the tens digit of v?
7
Let r(j) be the first derivative of 2*j**3 - j**2 - j - 1. Let b = -3 - -2. What is the units digit of r(b)?
7
Suppose -12*p = -5*p - 168. What is the tens digit of p?
2
Let b = 2 + -9. Let l(z) = -z**2 - 7*z + 9. What is the units digit of l(b)?
9
Let s = 1 - 5. What is the units digit of (s - 1)*2*-2?
0
Let i = -3 - -5. Let n be i/(-3) + 8/3. What is the units digit of (3 - 1)/(n + 0)?
1
Let s(y) = y - 2*y + 2*y. Let m be s(-5). Let i(t) = -t**2 - 5*t + 2. What is the units digit of i(m)?
2
What is the tens digit of 1/2 - (-1441)/22?
6
Suppose -2*s + i = -2, -s + 5*i - 8 = 9. Suppose -5*u - 13 + 2 = -4*q, 0 = 3*u + s*q - 15. What is the units digit of u?
1
Suppose -9 = -y - 0*y. Let w = y + -2. What is the units digit of w?
7
Let n(k) = -61*k + 1. Let c be n(-1). Suppose -5*x + 12 = -x, -2*x = 2*z - c. Let w = 47 - z. What is the units digit of w?
9
Suppose -12 = -j + 4*j. Let o = j + 8. Suppose -i = -3*b - 16, -o*b - 40 - 7 = -5*i. What is the units digit of i?
7
Suppose -11*x + 10*x = -81. What is the units digit of x?
1
Suppose 51 = d + p, -209 = -7*d + 3*d + p. What is the units digit of d?
2
Let h(t) = 4*t**3 - 4*t**2 + 3*t - 1. Let v = -14 - -16. What is the tens digit of h(v)?
2
Let d(g) be the first derivative of g**2 - 5*g - 1. What is the units digit of d(5)?
5
What is the units digit of -1 + (-4)/2 - -58?
5
Let r be ((-132)/(-15))/((-2)/(-5)). Suppose -2*z - 10 = -r. Suppose -2*k - a = a - z, 5*k - 2*a = 36. What is the units digit of k?
6
Let m be (-3)/12 + 34/8. Let s = 8 - m. Suppose 0 = -5*f + 4*y + 55, s*f - 5*y + 0*y - 53 = 0. What is the units digit of f?
7
Suppose -2*p - 7 = 7. Let i(g) be the second derivative of -g**3/3 - 5*g**2/2 - 6*g. What is the units digit of i(p)?
9
Let x = 4 + -5. Let q be (x/3)/((-2)/30). Suppose -b = -q*b + 4. What is the units digit of b?
1
Let g = 55 + 76. Let t = g + -56. Suppose -t = -4*v + 1. What is the tens digit of v?
1
Let s(w) = w**3 - 12*w**2 + 5. Let y be s(12). Suppose -3*z = -y*j - 4*z + 181, -j + 5*z = -31. What is the units digit of j?
6
Suppose 4*r - r + 26 = 2*y, 2*y + 3*r - 2 = 0. Let k be (2 - -3)*8/(-10). Let h = k + y. What is the units digit of h?
3
Suppose 4*b - 5*v = -81, 4*v + 3 = -9. Let p be (-65)/(-6) - 4/b. Let l = p + -2. What is the units digit of l?
9
Let j(k) = 0*k - 2*k - 3 + 0. Let i be (-8)/12 + (-16)/3. What is the units digit of j(i)?
9
What is the units digit of -9*(96/(-18) + 1)?
9
Suppose -g - 2 + 4 = 0. Let t = -8 + 3. What is the units digit of -2*(t/g + 2)?
1
Let d(s) = -s**2 - 3*s - 1. Let k(h) = -h - 1. Let a(n) = -d(n) + 5*k(n). Let t be a(4). Let g = 9 - t. What is the units digit of g?
5
Suppose 5*b - 79 = 2*k + 107, -2*k + 42 = b. What is the units digit of b?
8
Suppose 0*o + m = 2*o - 23, 2*o = 3*m + 13. Let d = o + -8. What is the units digit of d?
6
What is the tens digit of (-968)/(-6) + 3 + 10/(-30)?
6
Suppose 3*s - s - 58 = 0. What is the units digit of s?
9
Let i = 85 + -50. What is the units digit of i?
5
Suppose q + 1 = 2*q, 2*t - 86 = -2*q. What is the units digit of t?
2
Suppose -12 = -2*b - 2*b. Let r = 1 + b. Suppose -r*s - u + 36 = 0, -16 = 5*u + 4. What is the units digit of s?
0
Let k be 12/4*1/(-3). Let r be (k/(-2))/(1/(-10)). Let g(m) = m**2 + 2*m - 6. What is the units digit of g(r)?
9
Suppose 9*n - 4*n - 450 = 5*u, 0 = 4*n - 5*u - 364. What is the units digit of n?
6
Suppose -2*q = -10, 0*q - 3*q + 15 = -5*h. Let t(i) = h + 1 + 8 + i. What is the units digit of t(-4)?
5
Let a(d) = d**3 - 11*d**2 - 10*d - 17. What is the units digit of a(12)?
7
Suppose 14 = 2*i + 5*h, i + 3*h - 8 = -0*i. Let c be (-5)/((-5)/18) + i. Suppose -c = -5*v + 30. What is the tens digit of v?
1
What is the units digit of 164/(-8)*-2 - -1?
2
What is the tens digit of 1 + (35 - 15/3)?
3
Suppose 6*o - o - 65 = 0. Suppose -4*n = -h - 38, -2*n - 3*h + o + 13 = 0. What is the tens digit of n?
1
Suppose 0*u + 3*u = 5*o + 122, 4*u - 211 = -3*o. What is the units digit of u?
9
Suppose -g + 15 = -3. What is the tens digit of g?
1
Suppose -3*c + p + 140 = 0, -c + 2*p + 3*p = -28. What is the units digit of c?
8
Suppose 0 = -4*o + 12. What is the units digit of o?
3
Let j(y) be the third derivative of -1/6*y**4 + 0*y + y**3 + 0 - 1/60*y**5 + y**2. What is the units digit of j(-5)?
1
Let s = -57 - -88. What is the tens digit of s?
3
Let n be (-80 + 0)*1/2. What is the units digit of (n/(-6))/((-3)/(-9))?
0
Let g = 4 + 0. Suppose r - g*r = -57. What is the tens digit of r?
1
Suppose 3*n + 2*t = t + 105, 2*n = 3*t + 70. Suppose -2*w = -n + 9. What is the tens digit of w?
1
Let g be 2/4 + (-273)/(-14). Suppose -2*u = 2*u + 4*p - g, 5*u + p = 17. What is the units digit of u?
3
Let q = 120 - 78. What is the units digit of q?
2
Let r be 0 - (1 + -3 + 7). Let x = r + 6. What is the units digit of x?
1
Suppose 34 = 5*w - 3*s, -s + 3 = -4*w + 26. Suppose -w*b + 13 - 53 = 0. Let r(h) = h**2 + 9*h + 11. What is the units digit of r(b)?
3
Let h(s) = 2*s + 21. Let y be h(-16). What is the units digit of 3*(-3)/3*y?
3
Suppose -y + 6*y = 65. Suppose b - 4 = y. Suppose 0*n + g + 16 = 3*n, -n - 2*g + b = 0. What is the units digit of n?
7
Let o = -14 + 16. What is the units digit of o?
2
Suppose -f = m - 46, f + 0 + 5 = 0. What is the units digit of m?
1
Let l(q) = 4*q - 5. Let b(r) = 3*r - 4. Let w(k) = -3*b(k) + 2*l(k). Suppose 2*z = -2*o - 14, 0*z + z = o + 7. What is the units digit of w(o)?
9
Let b be ((-3)/2)/((-18)/192). Let f = 6 - 3. Suppose b = 4*c, i - c = -f*i + 28. What is the units digit of i?
8
What is the units digit of (-8)/(-5)*(17 - -3)?
2
Let a(c) = c**3 + 3*c**2 - c + 1. Let j be a(-3). Suppose z + 4 = j*f + 69, 0 = -z - 4*f + 33. What is the units digit of z?
9
Suppose 5*b = 3*q - 389, -5*q - b + 6*b = -645. What is the tens digit of q?
2
Let h = -7 - -8. Let v be (1 - h)/(1 + -3). Suppose 5*m - 60 = -v*m. What is the units digit of m?
2
Let v = -7 - -4. Let u = 16 + v. Suppose -4*w + u = 5. What is the units digit of w?
2
Suppose -4*c + k = -37, -k - 21 = 2*c - 4*c. Let o(w) = -w**3 + 9*w**2 - 8*w + 4. What is the units digit of o(c)?
4
Let d = -1 + 1. What is the units digit of (d + 1 - -2) + -1?
2
What is the units digit of -4 - (-8 - -3) - -105?
6
Let n = -11 + 22. Let r = -5 + n. What is the units digit of r?
6
Suppose f - 2*j - 112 = 0, -f + 5*j + 5 + 95 = 0. What is the units digit of f?
0
Let w = 10 - 6. Suppose -w*m + f + 20 + 25 = 0, -25 = 5*f. What is the units digit of m?
0
Let v(d) = d**2 - 10*d + 15. Let q be v(10). What is the units digit of (-5)/(q/(-36)) - -1?
3
Let n(y) = y + 21. Suppose -7*h + 4*h - 27 = 0. What is the units digit of n(h)?
2
Let s = 20 - 17. Suppose 25 = 5*i, -s*y - 4*i - 13 = -153. What is the tens digit of y?
4
Suppose 3*d + 19 = -20. Let n = 27 + d. Suppose -2*z + 5*g = -4*z - n, -23 = -5*z + 2*g. What is the units digit of z?
3
Suppose -2*k = k. Suppose -j + 5*r + 7 = -0*j, k = -j + r + 23. What is the tens digit of j?
2
Let y = -2 + 5. Let b(o) = -o - 3. Let c be b(-6). Suppose c*x - 16 - 20 = -3*l, x = -y*l + 22. What is the units digit of x?
7
Suppose 0 = 3*t + f - 12, -2*f = 3*t + 8 - 23. Suppose -t*p + 14 = -4. Suppose -p = 2*m - 3*m. What is the units digit of m?
6
Let n(f) = f**3 - 6*f**2 - 5*f - 10. Let x be 4/(-12) + 25/3. Let y = -1 + x. What is the units digit of n(y)?
4
What is the tens digit of 53/((2 + 1)/3)?
5
Let a = 13 + -3. What is the tens digit of a?
1
Suppose -54 = -4*p + 50. What is the tens digit of p?
2
Let b = -13 - -17. Suppose 5*x = -b*f - 